{"id":7,"date":"2021-12-02T14:58:22","date_gmt":"2021-12-02T13:58:22","guid":{"rendered":"https:\/\/www.lohnschleudern.de\/?page_id=7"},"modified":"2021-12-02T15:43:02","modified_gmt":"2021-12-02T14:43:02","slug":"ueber-uns","status":"publish","type":"page","link":"https:\/\/www.lohnschleudern.de\/?page_id=7","title":{"rendered":"\u00dcber uns"},"content":{"rendered":"\n<p>Wir sind nicht nur mit unseren eigenen Bienen besch\u00e4ftigt, sondern betreiben nun seit etlichen Jahren auch eine Lohnschleuderei und Honigverarbeitung. Hierbei hilft uns unsere moderne technische Ausr\u00fcstung, wie Schleudern, Entdecklungsmaschine, Separator und Filteranlagen. Auch unsere Erfahrung in der Honigverarbeitung kommt uns hier zu Gute. <\/p>\n\n\n\n<p>Somit stellen wir sicher, dass Dein Honig bei uns in besten H\u00e4nden ist und von der verdeckelten Honigwabe bis hin zum abgef\u00fcllten Honig einen optimalen Bearbeitungsprozess durchlebt. Wir bieten Qualit\u00e4t zum fairen Preis.<\/p>\n","protected":false},"excerpt":{"rendered":"<p>Wir sind nicht nur mit unseren eigenen Bienen besch\u00e4ftigt, sondern betreiben nun seit etlichen Jahren auch eine Lohnschleuderei und Honigverarbeitung. Hierbei hilft uns unsere moderne technische Ausr\u00fcstung, wie Schleudern, Entdecklungsmaschine, Separator und Filteranlagen. Auch unsere Erfahrung in der Honigverarbeitung kommt uns hier zu Gute. Somit stellen wir sicher, dass Dein Honig bei uns in besten &hellip; <\/p>\n<p class=\"link-more\"><a href=\"https:\/\/www.lohnschleudern.de\/?page_id=7\" class=\"more-link\">Mehr <span class=\"screen-reader-text\">\u00fcber &#8222;\u00dcber uns&#8220; <\/span>Lesen<\/a><\/p>\n","protected":false},"author":1,"featured_media":0,"parent":0,"menu_order":0,"comment_status":"closed","ping_status":"closed","template":"","meta":{"footnotes":""},"class_list":["post-7","page","type-page","status-publish","hentry"],"_links":{"self":[{"href":"https:\/\/www.lohnschleudern.de\/index.php?rest_route=\/wp\/v2\/pages\/7","targetHints":{"allow":["GET"]}}],"collection":[{"href":"https:\/\/www.lohnschleudern.de\/index.php?rest_route=\/wp\/v2\/pages"}],"about":[{"href":"https:\/\/www.lohnschleudern.de\/index.php?rest_route=\/wp\/v2\/types\/page"}],"author":[{"embeddable":true,"href":"https:\/\/www.lohnschleudern.de\/index.php?rest_route=\/wp\/v2\/users\/1"}],"replies":[{"embeddable":true,"href":"https:\/\/www.lohnschleudern.de\/index.php?rest_route=%2Fwp%2Fv2%2Fcomments&post=7"}],"version-history":[{"count":3,"href":"https:\/\/www.lohnschleudern.de\/index.php?rest_route=\/wp\/v2\/pages\/7\/revisions"}],"predecessor-version":[{"id":32,"href":"https:\/\/www.lohnschleudern.de\/index.php?rest_route=\/wp\/v2\/pages\/7\/revisions\/32"}],"wp:attachment":[{"href":"https:\/\/www.lohnschleudern.de\/index.php?rest_route=%2Fwp%2Fv2%2Fmedia&parent=7"}],"curies":[{"name":"wp","href":"https:\/\/api.w.org\/{rel}","templated":true}]}}